te m(-1).
19
Let j(p) be the third derivative of -1/60*p**5 + 1/24*p**4 + 0*p + 1/3*p**3 - 6*p**2 + 0. Give j(2).
0
Suppose x + 7 = a, 0 = 3*a + 5*x + 3 + 8. Let s(q) = q - 5*q**2 + 6 + 2*q**a + q**3 - 4*q**3. Let l = -13 + 8. What is s(l)?
1
Let x(t) = t**2 + 3*t - 5. Let a be x(-5). Suppose 2*y + a*g = -14, 4*g - g + 21 = 3*y. Let w(v) = v**2 - 6*v - 3. Give w(y).
-12
Let j(q) be the first derivative of q**3/3 - 5*q**2/2 + 6*q - 1. Let w(s) = 2*s**2 + s - 1. Let h(k) = -k - 10. Let l be h(-8). Let u be w(l). Determine j(u).
6
Let x(r) = -4*r + 2 + 0 - 3 - 4. Determine x(-5).
15
Let n(f) = f**3 + f**2 - f - 1. Let g = 43 - 41. Calculate n(g).
9
Let s be 0 - (-1)/(1 + 0). Let l(p) = 1 - 3 + s - p. Suppose -d + 4*y - 6 + 3 = 0, -5*d + 4*y = -17. Give l(d).
-6
Let x be ((-2)/3)/(1/3). Let y(u) be the third derivative of u**5/60 + u**3/6 - 3*u**2. Calculate y(x).
5
Let k(x) be the second derivative of 1/12*x**4 - 1/2*x**2 + 5*x + 0 - 1/2*x**3. Let z = 1 - -3. Determine k(z).
3
Let d = -3 + 6. Let p(w) = 2*w + 1. Calculate p(d).
7
Let g(l) = l**3 + 4*l**2 + 3*l + 3. Let u = 3 + -3. Suppose w + 2*k = u, 2*k = -4*w + 5*k - 22. Calculate g(w).
-9
Let o(p) be the third derivative of p**9/60480 - p**8/3360 + p**7/840 + p**6/180 - p**5/60 - 5*p**2. Let w(z) be the third derivative of o(z). Determine w(5).
9
Suppose 15 = -3*m + 6*m. Let v(u) = -u**2 - 1 + 6*u + 3 - m. Let n = -255 - -259. Determine v(n).
5
Let i(j) = -j**2 - 4*j + 1. Let w(n) = -n. Let a(l) = -i(l) + 3*w(l). Let u = 8 + -5. Suppose 2*r - 2*z = u*z - 16, -6 = r - 2*z. Calculate a(r).
5
Let h(s) be the first derivative of s**3/3 - s + 7. What is h(-2)?
3
Let m(s) = -11*s + 7. Let p(l) = -4*l + 2. Let y(z) = -3*m(z) + 8*p(z). What is y(-6)?
-11
Let p(t) = t**2 + t - 2. Suppose 4*w + 20 = -k, 3*w + w + 20 = -2*k. Calculate p(k).
-2
Let t(p) = -p**3 + 5*p**2 - 3*p - 2. Let n = -19 + 9. Suppose -i - 5*z = -9, 2*i - 4*z + 18 = i. Let k = i - n. Determine t(k).
2
Suppose 6 = 7*k - 6*k. Let t(d) = -d**2 + 5*d + 8. What is t(k)?
2
Let o(s) = s - 4. Let n(x) = -x + 1. Let y(b) = -4*n(b) - o(b). Suppose -4*v + 8 = 0, 0 = 4*k + 2*v - 21 - 15. Suppose 2*d + 2*d + k = 0. Give y(d).
-6
Let w be (-1)/(-7) + (-135)/(-35). Let p(r) = -4*r + 8*r**2 + w*r - 1 + 2*r**2 - r. Give p(-1).
10
Let d(j) = -5*j**2 - 1. Let v(o) = 9*o**2 + o + 1. Let k(l) = -11*d(l) - 6*v(l). Let i be (-4)/(-1) - (-1)/1. Let u be 23/i - (-4)/10. Determine k(u).
0
Let x(t) = -t**2 - 6*t - 4. Suppose -3*c - 3 = 3*m, 4*m = m - 4*c - 7. Suppose -4*g = m*j + 8, -2*g + 5*j = g + 35. Give x(g).
1
Let g(f) be the third derivative of f**6/360 - f**5/120 - f**4/6 - f**3/2 + f**2. Let j(k) be the first derivative of g(k). Determine j(3).
2
Let n(c) be the second derivative of c**5/20 - c**4/4 + c**3/3 + c**2 - 40*c. Suppose 0*r = 5*r + z - 11, r + 2*z = 4. Determine n(r).
2
Let b(m) be the second derivative of -m**4/24 - 7*m**3/6 + 3*m**2/2 - 2*m. Let l(h) be the first derivative of b(h). Suppose 10 = -5*d - 15. Calculate l(d).
-2
Let s(v) = -v**3 + 5*v**2 + 3 + v**2 - 3*v - 3*v. Let u be s(5). Let c(g) be the first derivative of g**3/3 + g**2 + 3*g + 1. Determine c(u).
3
Suppose -4*v = h + 2*h + 30, -4*h = v + 40. Let b = h - -5. Let j = b + 6. Let r(q) = -q**2 + q. Calculate r(j).
0
Let i(g) = g**3 - 16*g + 9*g + 0 + 4 - 5 + 4*g**2. What is i(-5)?
9
Let j(k) be the first derivative of -k**3/3 - 3*k**2 + k - 20. What is j(-6)?
1
Let a be (-5)/(5/(-2))*1. Suppose a*y - 3 = 5. Let f(s) = s**3 + 1. Let h(n) = 4*n**3 + 5*n**2 - 5*n + 7. Let r(m) = 5*f(m) - h(m). What is r(y)?
2
Let h(p) = -p**2 + p + 2. Let u be 1/3*-1 + 16/(-6). Calculate h(u).
-10
Let n(t) = t**3 - 4*t**2 - 3*t - 4. Suppose 33 = 2*c + 23. Determine n(c).
6
Let y be 61/7 - 8/(-28). Suppose 4 - y = -5*c. Let h(u) be the first derivative of -3*u**2 - u - 5. Determine h(c).
-7
Let u(t) be the second derivative of 0 + 1/20*t**5 + 2*t - 1/2*t**2 + 1/3*t**4 + 0*t**3. Let l be 2/(-6) - (-8)/(-3). Calculate u(l).
8
Suppose 0 = 2*d - d. Let x(z) = -8*z + d + 1 - 1. Calculate x(1).
-8
Let t(x) = x + 16. Let d(z) = z + 17. Let k(f) = 4*d(f) - 5*t(f). Give k(-6).
-6
Let l(w) = -2 - 81*w + 161*w - 83*w. Calculate l(3).
-11
Suppose 5*b + 3*o = -20, 5*o + 0 = -4*b - 3. Let m(g) = -g**2 - 7*g. Calculate m(b).
0
Let j(z) = 2*z + 0*z - z + 3*z**2. Suppose -11 = 4*c - 3*w, -2*c + 4*w - 16 = 2*c. Determine j(c).
4
Let x = 13 + -13. Let w(m) = -m**2 + m + 7. Give w(x).
7
Let j(u) = -u**3 + 4*u**2 + u + 3. Suppose v = -4*g + 17 + 3, -g = v - 8. Determine j(g).
7
Suppose -5*g = -0*g. Let p(v) = -4*v + g*v + 4 + v + v**3 - v**2 - 3*v**2. Calculate p(4).
-8
Let o(q) = -10*q**2 - 2*q - 1. Let c(v) = v + 1. Suppose 14 = -3*b + 3*g + 5, -1 = 2*b + 3*g. Let l be c(b). Determine o(l).
-9
Suppose -12*z + 1 = -11*z. Let d(b) = -6*b - 1. What is d(z)?
-7
Let d(g) = -6*g**2 + g + 9. Let s(h) = 13*h**2 - 3*h - 19. Let x(t) = 9*d(t) + 4*s(t). Give x(-4).
-15
Suppose -c + 18 = 4*q, 0 = -c + 2*q - 8 + 2. Let d(t) = -6*t - 3. Let o(l) = l + 1 + 4*l - 2*l. Let h(g) = c*d(g) + 5*o(g). What is h(3)?
8
Let k(h) be the second derivative of h**3/6 - 3*h**2/2 - 2*h - 33. Give k(9).
6
Let l be (3 - 4)*0/2. Let i(u) = -u**3 + 7*u**2 - 5*u - 2. Let f be i(6). Suppose 16 = -f*a - l. Let k(x) = x - 1. Give k(a).
-5
Let y(v) = v**3 + 6*v**2 - 2*v - 3. Suppose 14 = -4*g - 4*d - 10, -4*d - 6 = g. Determine y(g).
9
Let s be (-1)/1 + (-1 - -3). Let b(a) = s - 4 + 6*a - 1 - a**2. Give b(4).
4
Let b(g) = g**3 + g**2 + g - 2. Let s(u) = u**2 - 9*u + 8. Let x be s(8). Suppose -z = -x*z. What is b(z)?
-2
Let r be 45/12 + 3/12. Let o(x) be the second derivative of 0*x**2 + 0*x**3 + 0 - x - 5/12*x**r. Calculate o(-1).
-5
Let v(q) = q**3 - q**2 + q + 2. Suppose -5*i + 10 = -2*s, 4*i = 2*s + 7 + 3. What is v(i)?
2
Let t(v) = v + 1. Let q(u) = 3*u + 3. Let p(x) = -4*q(x) + 11*t(x). Let s be p(3). Let l(n) = n**3 + 4*n**2 + n + 4. Calculate l(s).
0
Suppose 2*q - 26 = -4*f, f + 4*q + 2 - 26 = 0. Let h(i) = -4*i - i**2 + 2*i**2 + 2*i - 1. Give h(f).
7
Let k(l) = -4*l**3 + 2*l**2 - 6*l - 3. Let v(p) = -5*p**3 + 3*p**2 - 7*p - 3. Let u(r) = 6*k(r) - 5*v(r). Determine u(3).
-6
Let c = 2 + -2. Let m(d) = d**3 + d + 3. What is m(c)?
3
Let y be 4/(-10) - 6/(-15). Let v(o) = 5*o**3 - 3*o + 1. Let w(l) = -3*l**3 + 2*l. Let n(u) = -2*v(u) - 3*w(u). Determine n(y).
-2
Let l(q) be the third derivative of q**5/60 - q**4/4 + q**3/3 + 2*q**2. Suppose 0*g = 2*g - 6. Give l(g).
-7
Suppose 21 = 2*m + 7. Let n = -9 + m. Let z(o) = o**2 + 4*o + 2. Give z(n).
-2
Let f(t) be the second derivative of t**5/20 - t**4/6 - t**3/3 + t**2/2 - 5*t. Give f(-2).
-11
Let y(h) = 4 + 0*h**3 + 8*h + 8*h**2 + 4*h**2 - 5*h**2 + h**3. Calculate y(-6).
-8
Suppose -4*v + 4 = -0. Suppose 7 + v = 2*d. Let z(h) be the first derivative of h**2 - 2*h + 1. What is z(d)?
6
Let f(z) = -2*z**3 + 2*z**2 - 2*z + 5. Let y(m) = 3*m**3 - 5*m**2 + 5*m - 11. Let w(j) = 5*f(j) + 3*y(j). Give w(-6).
-2
Suppose 0*u = 2*u. Let d = -1 + u. Let k(a) = -5*a + 5*a + a**2 + 1. Give k(d).
2
Let d(n) = n**3 + 4*n**2 - 5*n - 1. Let o be d(-5). Let l be (1/(-3))/(o/3). Let m(g) = 3*g - 1. Calculate m(l).
2
Let i(k) = -2*k**2 + k**2 - 4*k**2 - 3 - 4*k + 6*k**2. Determine i(3).
-6
Let u(h) = -2*h**2 - 2*h - 3. Let y = 15 + -6. Suppose 2*q = -q - y. What is u(q)?
-15
Let t(i) = -i - 1. Let u = 3 + 3. Let h = u + -9. Let k be (-16)/(-12)*h/2. Determine t(k).
1
Let d = 3 + 1. Let a(h) = 2*h**2 - 3*h**2 - 4*h**2 + d*h + h**3. Let z = -14 - -18. Give a(z).
0
Let v(u) be the second derivative of -2*u**5/5 - u**4/12 + u**2/2 + 25*u. Give v(1).
-8
Let u(n) = -n + 6. Let g = -9 + 5. Let s be (-2)/g*0/(-5). Calculate u(s).
6
Suppose 0 = -2*h - 3*h + 50. Let s = h - 2. Let l = s + -10. Let p(m) = m**2 - 1. Calculate p(l).
3
Let y(b) be the second derivative of b**3/6 + 4*b. Let k(s) = -9*s - 1. Let w(j) = 2*k(j) + 14*y(j). Calculate w(-3).
10
Let v(r) = 3 - 4 - r**2 + 0 + 4*r. Suppose 4*x + 5*u = -2 - 3, 2*u + 15 = x. What is v(x)?
-6
Let c be (-2)/((40/15)/(-4)). Let v(r) = c*r + 0*r + 1 - r - 3*r. Suppose 0 = m - 2*k - 7, 3*m + 3*k + 30 = -2*m. Give v(m).
4
Suppose 0 = -5*c + 20, -c - 2*c = 4*k. Let j(h) be the second derivative of -h**4/12 - h**3/6 + 3*h**2/2 - 3*h. Give j(k).
-3
Let g be (1/2)/(2/8). Let h(x) = 4*x + 6